)) prime?
False
Let v be -2 + 5/((-10)/(-396)). Suppose -2*f + a + v = 0, -3*a + 7*a = -3*f + 283. Is f a prime number?
True
Suppose -2*k = -0*k + 6. Let b = 7 - k. Is b prime?
False
Suppose -4*s + 1 = -3*s. Suppose -2*q + 4 = 6. Is -2 - 39/(s/q) a prime number?
True
Let t = -2 + 1. Is ((-1)/1*97)/t a composite number?
False
Suppose 0 = -3*m - 2*x + 572, -244 = -m + 2*x - 64. Let s be (-14)/(-4)*(-2 + 80 + -4). Suppose 3*y - s = m. Is y a composite number?
False
Let c = -4 - -4. Suppose -4*w + 20 = c, 0 = 7*y - 3*y - w + 33. Let z = y + 10. Is z a composite number?
False
Let y be 2/4*0/1. Suppose 0 = q - y*q - 21. Is q prime?
False
Let u(m) = -72*m - 3. Is u(-8) composite?
True
Suppose y - 221 = z, 3*y + z - 5*z = 663. Is y a prime number?
False
Let s(d) be the second derivative of -2*d + 0 - 67/3*d**3 - 1/2*d**2. Is s(-1) composite?
True
Let l(i) = -i**2 + 10*i - 9. Let p be l(9). Suppose p = -3*g - 33 + 171. Is g a composite number?
True
Let x(k) = -13*k + 7 - 9*k - 8*k. Is x(-4) a prime number?
True
Let s(a) be the third derivative of a**8/10080 - a**7/504 - 7*a**6/720 + a**5/60 + 2*a**2. Let j(p) be the third derivative of s(p). Is j(-7) a prime number?
False
Let i(w) = w**3 + 9*w**2 - 5*w + 11. Let c(d) = 6*d**3 + 44*d**2 - 24*d + 55. Let q(p) = 2*c(p) - 11*i(p). Is q(12) composite?
True
Let s be 269*(3 + 0 - 1). Suppose -2*g - 6*u = -2*u - s, -4*g - 5*u = -1061. Is g composite?
True
Let r be 4*37 + (4 - 5). Is r - ((3 - 1) + -4) a composite number?
False
Let a(n) = -3*n**3 - 18*n**2 - 7*n + 7. Is a(-7) prime?
False
Let q(m) = -26*m - 6. Let f be q(-6). Suppose -2*c = -4*c - f. Let w = 166 + c. Is w composite?
True
Suppose -q - 2 = 3. Let d(b) be the second derivative of b**4/6 - b**3/3 + 7*b**2/2 + 4*b. Is d(q) prime?
True
Is (-12)/21 - (-26235)/35 prime?
False
Let c(v) = 2*v**3 - 3*v**3 - 7*v**2 + 4*v**2 + 4*v + 9. Let w be c(-6). Suppose 0 = 3*s - 2*k - w, 5*s + 2*k = 4*s + 31. Is s a composite number?
False
Let i(r) = 11*r**2 - r + 1. Is i(3) prime?
True
Let j = -730 + 2387. Is j a prime number?
True
Is ((4/(-3))/(-4))/((-5)/(-3705)) a prime number?
False
Let h(v) = v**3 + 4*v**2. Let j be h(-4). Suppose j = 5*g - g - 8. Is (-1)/(210/106 - g) a composite number?
False
Let b = -9 + 3. Let p be b/4 - (-1)/(-2). Let m = p + 5. Is m a prime number?
True
Suppose 0 = -5*z - 7 + 17. Let c(p) = 10*p**2 - 1. Let r be c(1). Suppose -z*q + 5*i = 0, -r - 37 = -5*q + i. Is q prime?
False
Let h(r) = -2*r + 64*r**2 + 1 + 122*r**2 - 2. Is h(-1) a prime number?
False
Let w(o) = o**3 + 4*o**2 + o - 2. Let l be w(-3). Suppose 3*i = -2*c - i + 82, l*c - 5*i = 99. Is c a composite number?
False
Let i(x) be the second derivative of 5*x**3/2 - 19*x**2/2 + 6*x. Is i(14) prime?
True
Let j = 8 - 5. Suppose -2*d + j = 19. Let a = 11 - d. Is a composite?
False
Suppose 2*p + 3 - 5 = 0. Let u be (-2 + 0)/(p/5). Is (-348)/(-10) - 2/u prime?
False
Let s(c) = 13*c**2 - 4*c - 3. Let o be s(-3). Let u = 191 - o. Is u a composite number?
True
Let m be 4 - (0 - 0) - 35. Let i = 104 + -47. Let n = i + m. Is n prime?
False
Let y be -2 - (-4 - 0 - 0). Suppose 5*k - 7 + y = 2*g, 3*g = 5*k - 10. Is ((-1002)/(-2))/(-3)*k prime?
True
Let z(i) = -i + 14. Let l be z(15). Is (-3)/l + (-102)/(-3) a composite number?
False
Let g(r) = -3*r + 4. Let c = 6 + -10. Let z be -3 + 0 + 2 + c. Is g(z) prime?
True
Suppose 0 = -7*j - 0*j + 2051. Is j a prime number?
True
Suppose 2*d + 4*i + 20 = -d, 0 = 4*i + 20. Suppose -6*c = -d*c - 474. Is c composite?
False
Is 0 - 4 - -1*2297/1 a prime number?
True
Let t be (4/6)/((-1)/(-3)). Let w(v) = 29*v**2 + 3*v - 4. Let y be w(2). Suppose 3*o - n - y = 3*n, 0 = t*n + 8. Is o a composite number?
True
Suppose 0*c - 539 = -5*b + 4*c, -3*b - 4*c = -349. Suppose -3*s - u - 61 = 0, -3*s - 3*u - 86 = -7*u. Let w = b + s. Is w a prime number?
True
Let l = 41 - 29. Suppose l*w = 11*w + 3. Is w a composite number?
False
Suppose 0*s = 2*s + 4*v - 226, 4*s = v + 452. Is s a composite number?
False
Suppose -5 = -k + 2. Suppose -k*o = -2*o - 20. Suppose -4*i - 12 = 0, 0 = x + 5*i - o*i - 11. Is x a composite number?
True
Let o(u) = 2*u**2 - 5*u + 10. Is o(9) a composite number?
False
Let s(d) = -3*d**3 + d**2. Let a = 0 - 1. Let z be s(a). Suppose -19 - 129 = -z*r. Is r a prime number?
True
Let w be (-9)/6*(-4)/3. Suppose -w*k = -g - 0*k, -5*k - 33 = 3*g. Is (-62)/g - (-2)/(-6) a composite number?
True
Suppose -4*g + 2417 = -1035. Is g composite?
False
Let m(n) = 3*n + 1. Let b be m(1). Suppose -b*x = 3*v - 7 - 7, 4*v - 16 = -4*x. Suppose 101 + 29 = v*o. Is o composite?
True
Let h(o) be the third derivative of 1/12*o**5 - 2/3*o**3 - o**2 + 0*o + 1/6*o**4 + 0. Is h(3) a composite number?
False
Let w(x) = -83*x - 3. Let a(b) = -b**3 - 2. Let y be a(-2). Suppose -4*u = -u + y. Is w(u) a prime number?
True
Suppose -2*b = 2*t, 4*b + 0*b = -8. Suppose -t*k + 7 = -31. Is k a composite number?
False
Let h(g) = g + 7. Let m be h(7). Suppose -5*q - 30 = -5*y, 0 = -4*y - q - 5 + m. Suppose 0 = b - 2*p - 31, -p = -y*b + 76 + 17. Is b composite?
False
Is 2 + 1 - (-2 - 30) a prime number?
False
Let z(u) = 5*u**2 + 5*u. Let l(x) = -6*x**2 - 5*x + 1. Let r(d) = 4*l(d) + 5*z(d). Let b be r(-3). Is b/(-5) + (-732)/(-20) composite?
False
Let p be (2/(-3))/(3/(-9)). Suppose 0 = -p*u - 2*u + 2*i + 66, 2*i = -5*u + 105. Is u a composite number?
False
Let f(t) = 17*t + 110. Let h(o) = 6*o + 37. Let k(z) = 4*f(z) - 11*h(z). Is k(0) a prime number?
False
Let m = -38 - -37. Let y(j) be the third derivative of -43*j**4/12 + j**2. Is y(m) a prime number?
False
Let n(v) = -v**2 + 4*v + 6. Let f be n(5). Let r be (-2 + f)/(1/(-2)). Suppose -5*t + 24 = b, -b - r*t - 66 = -6*b. Is b a composite number?
True
Let t(a) = -a + 17. Let y be t(13). Suppose -760 = -y*s - 4*j, 952 = 2*s + 3*s + 3*j. Is s a composite number?
False
Suppose -2*h - 25 = -7*h, -396 = p - 3*h. Let l = 815 + -1359. Let z = p - l. Is z prime?
True
Suppose 0 = 5*m - 2*z + 286, m - 2*z + 118 = -m. Let p = 127 + m. Is p composite?
False
Let d = 574 - -61. Is d a composite number?
True
Let r = -22 + -2. Is ((-2008)/r)/(1/3) prime?
True
Suppose -o = -0*o - 381. Is o prime?
False
Suppose 2*p - 24 = -4*w, -8 = -3*p + 4*p - 3*w. Suppose -6*f = -p*f. Suppose -4*y + f*y = -308. Is y a composite number?
True
Let k(f) be the third derivative of f**5/60 - f**4/6 + 7*f**3/6 + 5*f**2. Let u = -15 + 21. Is k(u) composite?
False
Let s = -38 + 55. Suppose 0 = -2*x + s + 11. Is x prime?
False
Let u(l) = l**3 + 5*l**2 + 6*l + 6. Let r be 0/(-5) - (4 - 0). Let b be u(r). Is ((-316)/6)/(b/3) a composite number?
False
Suppose 8*d - 3496 = -0*d. Is d a prime number?
False
Let v(n) be the second derivative of -5*n**3/3 - n**2/2 + 3*n. Let w = -5 - -3. Is v(w) prime?
True
Suppose 4*g - 2*i - 6 = 126, 2*g + 2*i = 78. Is g a composite number?
True
Let a(t) = -5*t + 6. Let q(s) = -s**3 + 3*s**2 - 3*s + 4. Let z be q(3). Let w be a(z). Suppose 21 = 2*r - w. Is r prime?
False
Is (-5 - -1) + (-1 - -450) composite?
True
Suppose 61 + 122 = 3*o - 3*m, -2*o + m = -126. Is o composite?
True
Let o(m) = -9*m - 8. Let a be ((-6)/3 - -56) + 1. Suppose -a = 5*f - 0*f. Is o(f) a prime number?
False
Suppose 4*i = 28 + 4. Let p = 11 - 6. Let u = i - p. Is u composite?
False
Let t = -14 + 14. Suppose 0 = -t*l + l - 79. Is l prime?
True
Let i = -6 + 11. Suppose -3*m = 2*p - i - 2, 32 = 2*p - 2*m. Is p composite?
False
Let d(z) = 23*z**3 - 4*z**2 + 7. Let i(x) = 12*x**3 - 2*x**2 + 3. Let q(t) = -2*d(t) + 5*i(t). Suppose -4*b - 3*y = -4, 2*b + b = 2*y + 3. Is q(b) composite?
False
Suppose 0 = -5*d + 19 + 1. Suppose -d*a + 16 = 0, 4*a - 59 = 3*j + 2*a. Let n = j - -28. Is n a composite number?
False
Is (6/(-9))/(2/(-1143)) a prime number?
False
Suppose 0*x + 3*x - 238 = y, -314 = -4*x + 3*y. Let u = x - -75. Suppose 0 = 5*s - 0*s - u. Is s prime?
True
Let m be (-104)/18 + (-2)/9. Is ((-4)/m)/((-8)/(-588)) composite?
True
Let w be (6/9)/((-3)/(-9)). Let p(u) = 5*u**2 + 2*u - 2. Is p(w) a prime number?
False
Suppose 0 = -4*h - h + 1255. Is h a composite number?
False
Let w(j) be the second derivative of -5*j**4/24 - 2*j**3/3 - j**2/2 - j. Let r(k) be the first derivative of w(k). Is r(-7) a prime number?
True
Is (209094/27 - 3) + 12/(-54) a prime number?
True
Suppose 9 = 2*